ens digit of t?
4
Suppose u - 2*t + 3 = -2, -5*t - 10 = 2*u. What is the units digit of (-692)/u - 2/10*2?
8
Let h = -128240 + 190923. What is the units digit of h?
3
Suppose 0 = 2*n - 0*r - 5*r - 55, 10 = n + r. Let q = n - 11. Suppose 4*i + q*f - 348 = 0, 0 = -3*f + 2*f + 5. What is the units digit of i?
2
Let t(u) = -u - 30. Let g be t(-30). Suppose 0 = -q + 3*w + 557, -q - 15*w + 17*w + 557 = g. What is the hundreds digit of q?
5
What is the tens digit of 846/(-4)*10*144/(-45)?
6
Let m(k) = -k**3 - 18*k**2 + 54*k + 212. Let r be m(-20). Suppose u = -2*f - 265, f - 3*u - 16 = -131. Let v = r - f. What is the units digit of v?
2
Suppose 23*f - 20568 = -f. Suppose -l = -8*r + 9*r - 275, -f = -3*r + 5*l. What is the tens digit of r?
7
Let u(g) = -4*g - 66. Let l be u(-16). What is the units digit of (-808)/(-3)*(-4 - 11/l)?
4
Let y(l) = 403*l + 10. Let z(m) = 398*m + 11. Let t(f) = -2*y(f) + 3*z(f). What is the tens digit of t(2)?
8
Suppose 4*d + 1255 - 7315 = 0. What is the tens digit of d?
1
Let g(y) = -3*y**3 - 12*y**2 - 10*y + 7. Let m(c) = -c**3 + c**2 + c + 2. Let o(z) = -g(z) + 2*m(z). What is the hundreds digit of o(-8)?
2
Let n be ((-120)/80)/((-6)/14740). Let t = n - 2623. What is the tens digit of t?
6
Let n = -11207 + 17476. Suppose -25*h + n = -3906. What is the tens digit of h?
0
Let m(j) = -9*j - 69. Suppose 24 = -0*f - 3*f. Let d be m(f). Suppose d*a = o + 849, 3*o + 142 + 141 = a. What is the tens digit of a?
8
Let z(n) = -n**2 - 5*n - 5. Let s be z(-3). What is the hundreds digit of (6 - s)*-2*-26?
2
Suppose 0*s + 2*s - 890 = 0. Let o = s + -215. What is the tens digit of -2 - (2 + (2 - o)/4)?
5
Suppose 0 = f + 32*w - 37*w + 170, 0 = 3*f - 3*w + 534. Let t = -112 - 11. Let y = t - f. What is the units digit of y?
7
Let r(w) = w**3 + 7*w**2 + 9*w - 8. Let p be r(-4). Suppose 4*n + 1974 = -2*g + 7*g, -p*g = -5*n - 1572. What is the tens digit of g?
9
What is the tens digit of 48/4 - 14 - -7029?
2
Let f = 59 + -55. Suppose 0 = f*k, -5*k = -3*v + 13 + 11. Suppose v = l - 56. What is the tens digit of l?
6
Let d(l) = -l**3 - 99*l**2 + 23*l + 3209. What is the hundreds digit of d(-100)?
9
Suppose -q - 17 - 9 = 4*r, -3*r - 42 = 3*q. Let h be ((-24)/q)/(-4*4/(-1920)). Suppose -14*c - h = -1100. What is the units digit of c?
8
Let c = -463 + 697. Let d = -55 + c. What is the units digit of d?
9
Suppose 6*p = 5*p - 5*p. Suppose 3*z = -3*b + 1152, -3*b + p*b - 9 = 0. What is the tens digit of z?
8
Let w be 3 - 23/7 - 148/(-28). Suppose -17 = 3*q + w*x, 2*q = 3*x - 5*x - 10. What is the units digit of (24/12)/(q/(-274))?
7
Let a = 91 + -38. Let t = a + -27. Suppose -t*c - 404 = -28*c. What is the hundreds digit of c?
2
Let w = 2437 - 1814. What is the hundreds digit of w?
6
Suppose 402*f - 1034586 = 304*f. What is the hundreds digit of f?
5
What is the hundreds digit of (-458777)/(-11) + (41 - 29)?
7
Suppose -26775105 = -455*o + 110*o. What is the thousands digit of o?
7
Let k be ((-25 - -20) + 46/10)*-15. Let t(l) = -l**2 - 7*l + 3. Let y be t(-6). Suppose k*j + 246 = y*j. What is the units digit of j?
2
Suppose 125 = g + 2*d, -d = 2*g - 0*d - 250. Suppose -3*y + g = 2*b, 2*y = 3*b + 7*y - 185. Let n = b + -60. What is the units digit of n?
0
Let w be (-10)/(-6) - (25 - (-11875)/(-57)). Let y be ((-1)/(-2) - 1)*-218. Suppose -2*i + w = -y. What is the units digit of i?
7
Let p(x) be the first derivative of -x**4/2 + 2*x**3/3 - x**2 + 636*x - 6. What is the tens digit of p(0)?
3
Suppose -440*q + 413*q + 213273 = 0. What is the hundreds digit of q?
8
What is the ten thousands digit of (-69)/24 + 3 - 15/((-120)/507383)?
6
Let x = 87649 - -8324. What is the hundreds digit of x?
9
Let f = 1794 - 2679. Let k = f - -1247. What is the tens digit of k?
6
Let l be (71*-2)/((-6)/9). Let m = -18500 - -18417. Let v = m + l. What is the tens digit of v?
3
What is the units digit of (-2 + -3 + 4)*(-1176 + 18)?
8
Suppose 0 = -4*f - 0 + 4. Suppose y - 2*j = -28, 2*y - 3*j = -2*y - 117. What is the units digit of 5 + -3 - (f + y)?
1
Let r(j) = j**3 - 18*j**2 + 23*j + 28. Let s(z) = -13*z - 21*z + 859 - z**3 + 19*z**2 - 842. Let t be s(17). What is the units digit of r(t)?
0
Suppose 4*w = 0, -3*g - 3*w = -0*w - 9. Let m be (1/(g/2))/(42/(-252)). What is the units digit of ((-102)/(-18) + -5)/(m/(-30))?
5
Let i = -215 - -328. Suppose -5*x + 6*x + 373 = -4*p, 4*x - 388 = 4*p. Let z = p + i. What is the tens digit of z?
1
Let s = 29262 - 15421. What is the hundreds digit of s?
8
Suppose 3*a - 4*t - 2188 = 12771, -3*t = 12. What is the thousands digit of a?
4
Let a = 35 - 41. What is the tens digit of (-1846)/a + 9/(-108)*-4?
0
Suppose -2*d + 1 = 4*c + 23, 0 = -3*d - 2*c - 25. Let x = -7 - -5. What is the units digit of (d - -3)/x - -155?
7
Let b = -453 - -4672. What is the tens digit of b?
1
Suppose -q - 5*g = -5270, -2*q = 15*g - 10*g - 10525. What is the thousands digit of q?
5
Let v = 72 + -73. Let s be (v/(-2))/(2/40). What is the units digit of (-1)/(s/35 + 1287/(-4431))?
1
Let l(v) = -v + 11. Let u be l(9). Suppose -4*o = u*t - 988, 86 = -2*o + t + 588. Let b = 473 - o. What is the tens digit of b?
2
Let w be (8/6)/(8/12). Suppose 2*y + w*l + 8 = 0, 7*y - 2*y + 3*l + 12 = 0. Suppose y*j + 3*j = -4*p + 8, 22 = 5*j - 2*p. What is the units digit of j?
4
Let z(l) = -l**3 - 51*l**2 + 118*l + 314. Let f be z(-53). Let x = -486 + -60. Let s = f - x. What is the hundreds digit of s?
2
Let c(u) = u**2 - 12*u + 21. Let b be c(11). Let m be ((-524)/b)/(-1*12/30). Let h = m + 117. What is the hundreds digit of h?
2
Let p(n) = 0 - 73 - 21*n - 7*n - 3*n**2 + 2*n**2 + 14. What is the tens digit of p(-23)?
5
Let f be (0 - (-2 + 1))*(-99)/(-3). Suppose f*u = 31*u + 18. What is the units digit of u?
9
Suppose 0 = -32*z + 36*z - 12. Suppose -5*m = -6*m - 3*o + 618, o - 1822 = -z*m. What is the tens digit of m?
0
Let q(w) = -1. Let m(r) = 2*r**3 + 6*r**2 + 4*r - 11. Let o(f) = -m(f) - 4*q(f). Let i be o(-6). What is the tens digit of i/(-5)*(-3)/3*3?
5
Let f be (-7 - (-436 + 7))*1. Let i = f - -125. What is the tens digit of i?
4
Suppose y - 36 = 4*y. Let c = y - -19. Suppose -h - 72 = -c*h. What is the tens digit of h?
1
Let m be (-4)/(1 - (-3 - 48/(-10))). Suppose -426 = -m*o + 3*c + 4532, -5*c = 3*o - 3002. What is the hundreds digit of o?
9
Let m = 7279 + -3928. What is the hundreds digit of -1*m*35/(-105)?
1
Suppose -i + 27 = 2*s, 5*s - 4*i + 6*i = 65. Let g be (63/27)/((-1)/(-3)). Suppose g*p = s*p - 516. What is the hundreds digit of p?
1
Suppose -3*q - 57 = -5*u - 7, -5*u + 50 = -q. Let i(h) = -10 - u*h - 15*h - 5*h**2 + 7*h + 4*h**2. What is the units digit of i(-13)?
5
Let h(z) be the first derivative of -1/4*z**4 + 27 + 3/2*z**2 - 2*z**3 - 3*z. What is the hundreds digit of h(-9)?
2
Let j = 25530 - 17241. What is the units digit of j?
9
Suppose -5*d + 4*i = -5860, 0 = -53*d + 57*d + 2*i - 4688. Suppose 3*p - 2*u - 3273 = 0, -d - 1010 = -2*p - 2*u. What is the units digit of p?
1
Let c(n) = -137*n**3 + 13*n**2 + 124*n + 154. What is the units digit of c(-6)?
0
Let t = 397 - 393. Suppose -t*o + 1429 = -y, -4*o - 573 + 1982 = 3*y. What is the hundreds digit of o?
3
Let z(s) = -14031*s - 147. What is the thousands digit of z(-2)?
7
What is the ten thousands digit of 7 + (8 - 26) - (-12413 + -13)?
1
Let o be (24/(-18))/((-6)/9). Suppose -5*c - 3*p + 3282 = 0, 0*c + 2*p - 1316 = -o*c. What is the units digit of c?
4
Let n(x) = -x**2 + 3*x - 8. Let j be n(4). Let q = 15 + j. Suppose -d + q*d + 100 = 2*m, m = -2*d + 38. What is the tens digit of m?
4
Suppose 0 = 3*o - 4*d - 5, -3*o - 5*d + 19 = 5. Suppose o*m = -9*m + 2112. Suppose -5*y - m = -13*y. What is the units digit of y?
2
Suppose 4*h = 10*h - 30. Suppose -h*w + 140 = 5*q, -2*q + w = -w - 52. What is the units digit of q?
7
Suppose 3 = 13*d - 23. Suppose 2*b = 5*k - 7773 + 719, d*b = k - 1406. What is the tens digit of k?
1
What is the hundreds digit of (-578)/(7600/544 - 14)?
6
Let l be (6/8)/((-27)/(-108)). Suppose -2*j - 5*o + 436 = -9*o, -4*j + l*o + 892 = 0. What is the tens digit of j?
2
Let f = -2210 + 3816. What is the tens digit of f?
0
Suppose 34*v = 2*t + 29*v - 63860, -6*t - 2*v = -191512. What is the thousands digit of t?
1
Let u be (8 + -5)/(9/21). Suppose -u*f + f = -3*f. Suppose 5*m - 9*m 